by 34926.
6
Calculate the remainder when 2253713 is divided by 2745.
68
Calculate the remainder when 18143257 is divided by 707.
223
What is the remainder when 31452 is divided by 226?
38
What is the remainder when 13082846 is divided by 622992?
14
What is the remainder when 4657308 is divided by 1701?
1671
What is the remainder when 128807333 is divided by 42935766?
35
Calculate the remainder when 90328878 is divided by 16.
14
What is the remainder when 218169 is divided by 15?
9
Calculate the remainder when 23412689 is divided by 2128424.
25
Calculate the remainder when 84925 is divided by 2822.
265
What is the remainder when 8274099 is divided by 2757981?
156
Calculate the remainder when 62857382 is divided by 18769.
1
What is the remainder when 23748383 is divided by 807?
794
What is the remainder when 276322 is divided by 4764?
10
What is the remainder when 129909 is divided by 1115?
569
Calculate the remainder when 16992179 is divided by 510.
509
Calculate the remainder when 2214680 is divided by 738219.
23
Calculate the remainder when 135353 is divided by 12674.
8613
What is the remainder when 42597561 is divided by 58?
41
Calculate the remainder when 216103 is divided by 19644.
19
Calculate the remainder when 18238513 is divided by 9119224.
65
Calculate the remainder when 859886 is divided by 213.
5
Calculate the remainder when 9528331 is divided by 3297.
1
Calculate the remainder when 191840791 is divided by 506.
505
Calculate the remainder when 283708 is divided by 892.
52
Calculate the remainder when 8335343 is divided by 4068.
11
Calculate the remainder when 479258 is divided by 95303.
2743
What is the remainder when 75284 is divided by 24328?
2300
Calculate the remainder when 4076094 is divided by 6339.
117
Calculate the remainder when 2940561 is divided by 55.
41
What is the remainder when 1587967 is divided by 27369?
565
Calculate the remainder when 9328884 is divided by 599.
58
Calculate the remainder when 388246 is divided by 2014.
1558
What is the remainder when 3335867 is divided by 1667930?
7
What is the remainder when 32646 is divided by 2227?
1468
What is the remainder when 58168 is divided by 4656?
2296
Calculate the remainder when 93982 is divided by 6103.
2437
What is the remainder when 471366 is divided by 2108?
1282
What is the remainder when 37170 is divided by 12386?
12
Calculate the remainder when 11679248 is divided by 260.
48
What is the remainder when 905010 is divided by 437?
420
What is the remainder when 5181969 is divided by 1727311?
36
What is the remainder when 2966425 is divided by 335?
0
What is the remainder when 6120520 is divided by 32730?
10
Calculate the remainder when 12032328 is divided by 377.
373
What is the remainder when 2696297 is divided by 457?
454
What is the remainder when 8160329 is divided by 2384?
2281
Calculate the remainder when 2506247 is divided by 1374.
71
What is the remainder when 49716905 is divided by 53?
43
What is the remainder when 551271 is divided by 2223?
2190
Calculate the remainder when 124485 is divided by 49.
25
What is the remainder when 33671586 is divided by 15996?
6
Calculate the remainder when 1734225 is divided by 603.
600
What is the remainder when 9160 is divided by 1142?
24
Calculate the remainder when 239906351 is divided by 196.
195
What is the remainder when 5802 is divided by 2028?
1746
Calculate the remainder when 52211 is divided by 1591.
1299
Calculate the remainder when 96938 is divided by 999.
35
What is the remainder when 113572 is divided by 2571?
448
What is the remainder when 720951 is divided by 37?
6
Calculate the remainder when 26195611 is divided by 283.
282
Calculate the remainder when 28563443 is divided by 403.
12
Calculate the remainder when 49396 is divided by 1264.
100
Calculate the remainder when 1837744 is divided by 3372.
4
What is the remainder when 44351322 is divided by 29?
27
What is the remainder when 5790 is divided by 241?
6
What is the remainder when 345343 is divided by 231?
229
Calculate the remainder when 357742 is divided by 132.
22
Calculate the remainder when 227873 is divided by 1523.
946
What is the remainder when 264169 is divided by 52?
9
What is the remainder when 1292260 is divided by 215373?
22
What is the remainder when 7504219 is divided by 91?
86
What is the remainder when 36480652 is divided by 8717?
7
Calculate the remainder when 1822103 is divided by 8718.
41
What is the remainder when 5629984 is divided by 1407475?
84
Calculate the remainder when 16605117 is divided by 62.
29
What is the remainder when 1682662 is divided by 560849?
115
What is the remainder when 13317227 is divided by 2031?
1991
What is the remainder when 1549419 is divided by 299?
1
What is the remainder when 6263719 is divided by 379?
365
Calculate the remainder when 4551007 is divided by 68.
39
Calculate the remainder when 315107 is divided by 75619.
12631
Calculate the remainder when 81245 is divided by 2628.
2405
What is the remainder when 62034365 is divided by 202?
165
What is the remainder when 39767 is divided by 473?
35
Calculate the remainder when 1638420 is divided by 2686.
2646
Calculate the remainder when 3218 is divided by 1672.
1546
What is the remainder when 22358306 is divided by 11179151?
4
Calculate the remainder when 1982242 is divided by 660358.
1168
Calculate the remainder when 122202486 is divided by 41215.
11
Calculate the remainder when 37238674 is divided by 118.
116
Calculate the remainder when 326564 is divided by 135.
134
What is the remainder when 627712 is divided by 3340?
3132
Calculate the remainder when 476412 is divided by 4803.
915
What is the remainder when 1075244 is divided by 393?
389
Calculate the remainder when 866385 is divided by 2907.
99
What is the remainder when 44718080 is divided by 402?
2
Calculate the remainder when 777931 is divided by 194450.
131
Calculate the remainder when 1326385372 is divided by 2675.
2672
Calculate the remainder when 87696 is divided by 549.
405
What is the remainder when 61087777 is divided by 94?
91
What is the remainder when 826137 is divided by 1981?
60
Calculate the remainder when 7125269 is divided by 887.
885
Calculate the remainder when 21248 is divided by 21237.
11
Calculate the remainder when 8068674 is divided by 27259.
10
What is the remainder when 2070055 is divided by 207004?
15
What is the remainder when 4254325 is divided by 23?
15
What is the remainder when 715761 is divided by 230?
1
Calculate the remainder when 597986 is divided by 623.
529
Calculate the remainder when 627637 is divided by 57.
10
Calculate the remainder when 98043213 is divided by 1960864.
13
What is the remainder when 57859 is divided by 178?
9
What is the remainder when 800450 is divided by 1767?
1766
Calculate the remainder when 17887309 is divided by 39.
37
What is the remainder when 160387974 is divided by 11?
10
What is the remainder when 1131860424 is divided by 3466?
3464
Calculate the remainder when 1727063 is divided by 671.
580
Calculate the remainder when 85108 is divided by 84569.
539
Calculate the remainder when 194027 is divided by 1195.
437
What is the remainder when 28213058 is divided by 9404352?
2
What is the remainder when 83441188 is divided by 596?
592
What is the remainder when 9315198 is divided by 2?
0
What is the remainder when 27188234 is divided by 18?
8
What is the remainder when 16067879 is divided by 8033934?
11
What is the remainder when 22634998 is divided by 47?
33
Calculate the remainder when 97481 is divided by 97235.
246
What is the remainder when 224501 is divided by 7?
4
What is the remainder when 610774 is divided by 594?
142
Calculate the remainder when 57307164 is divided by 49.
47
What is the remainder when 4971950 is divided by 355138?
18
Calculate the remainder when 152853836 is divided by 7491.
7472
What is the remainder when 3253 is divided by 2793?
460
Calculate the remainder when 3871831 is divided by 1290576.
103
Calculate the remainder when 296148 is divided by 3703.
3611
Calculate the remainder when 48856602 is divided by 57.
21
Calculate the remainder when 8516142 is divided by 1456.
1454
Calculate the remainder when 7505234 is divided by 632.
234
Calculate the remainder when 90335 is divided by 44435.
1465
Calculate the